d be t(22). Suppose -12*r = 3901 + d. Is (-6)/4*r/3 a composite number?
False
Let x(c) = 28716*c + 3697. Is x(4) prime?
False
Let k be 24/(-8) + 896/(-1). Let h = k + 1540. Suppose -h = -i + 5*l, 4*i = 4*l - l + 2530. Is i a composite number?
False
Is 158993/(12/(7 + 5)) a composite number?
False
Suppose -5*s + i = -190, 0 = -4*s + 17*i - 19*i + 152. Is 22023/19 + 4*(-1)/s composite?
True
Suppose 9*c + 84 = 129. Suppose 9*n = 5*n + 2*z + 10314, c*n - 2*z = 12893. Is n composite?
False
Suppose 0 = 4*m - 5*r - 10, -5*m + 33 = -19*r + 23*r. Suppose -17329 = -m*i + 23326. Is i composite?
True
Suppose 223*l = 200*l - 19826. Let a = 5849 + l. Is a composite?
False
Let a(k) = 15028*k**2 + 329*k - 1614. Is a(5) prime?
False
Let n = 10 + -13. Is (-2)/(((-6)/(-5205))/(n/15)) composite?
False
Let b be 36/504 - (-2)/(-28). Let z(n) = -n**2 + 11*n + 2927. Is z(b) composite?
False
Suppose -4*u = 4*m - 663352, -15*m - 4*u = -13*m - 331670. Is m a composite number?
True
Let z = -12200 - -19621. Let u = 12130 - z. Is u composite?
True
Suppose 2*j - 7526 = -0*j. Let d(w) = -619*w - 2193. Let l be d(-7). Let u = j - l. Is u a prime number?
False
Suppose 155731 = -6*f + 828877. Is f a prime number?
False
Let h(p) = 64190*p**2 - 4*p + 83. Is h(3) a prime number?
True
Let j = -65 - -68. Suppose -10*m + j*m = -14. Suppose -1655 = -m*v - 3*v. Is v prime?
True
Suppose 4*h - 23424 = -2*o, -9*h - 5*o = -7*h - 11728. Is (h/(-4))/((-9)/18) composite?
False
Suppose -l = 5*m - 1449687, 8*m - l = 12*m - 1159750. Is m prime?
True
Let p = -2905 + 6202. Suppose 4*l = 4*b - 3276, 5*b - p = -3*l + 782. Is b a prime number?
False
Suppose -5*u = -3*j + 6 - 18, 0 = 2*u - 5*j - 1. Let m = 3 + -1. Suppose u*x = -m*r - 3*r + 2462, 2*r = -x + 985. Is r composite?
True
Suppose 16*h + 3*h = 479829 + 242912. Is h a composite number?
False
Let c be (-4 - (4*-1)/4) + -556. Let l = 885 + c. Suppose -3*u + 5*u - l = 0. Is u composite?
False
Let w = -124 - -123. Let l be (4 + -8 + -5042 - -1)/w. Suppose -l = -3*q - 632. Is q a composite number?
False
Suppose 3*l - 209 = -53. Let t(k) = -23*k + l*k + 27*k + 1. Is t(6) a composite number?
False
Let t be 12/28*4 - 4/(-14). Let k be -1 + 0 + t + -2. Is (-700)/(-1) - (0 + 2 - k) composite?
True
Suppose -18*p = -36*p + 876006. Is p a prime number?
False
Let s = -5 - -8. Let r(n) = 153*n**2 - 6*n + 12. Let c(l) = -152*l**2 + 8*l - 13. Let d(a) = 2*c(a) + 3*r(a). Is d(s) prime?
True
Suppose o = -5*p + 32, 4*p - 7 = -2*o + 21. Let f(l) = p - 9 - 2 - 112*l. Is f(-9) a composite number?
True
Let r(z) = 24881*z + 6. Let t be r(1). Let f = t - 13152. Is f composite?
True
Let h be 328/16 + (-7)/2. Suppose 0 = -5*i - 3*m + 19888, 14*i - 4*m = h*i - 11935. Is i prime?
False
Suppose 0*t = 5*f + 4*t - 20217, 3*t = -4*f + 16173. Suppose 7*l = 10*l - f. Let c = l - 938. Is c a composite number?
False
Is (-5 + 3 + 1)*(-6581 - 0) composite?
False
Suppose 14*t = t + 377. Suppose -31*o = -t*o + 5770. Let l = -1518 - o. Is l prime?
True
Let m = 1 + 3. Suppose m*f - 6564 = 3728. Suppose -4*p + 3*i + 4411 = 0, -4*p + 5*i + f = -1848. Is p a composite number?
True
Let g be 1 + -33*2/(-6). Let d be (g + -487)/(1/(-1)). Let r = d + -288. Is r a prime number?
False
Suppose -a = 2*n - 1, -2*a + 2*n - 16 = -3*n. Is (((-56061)/a)/1)/((-30)/(-10)) composite?
False
Suppose 0 = 2*y + r + 493, 5*r - 220 = y + 43. Let u = y - -366. Is 5/((-70)/(-161))*(u + 0) prime?
False
Let m(g) = -390*g**3 + g**2 - 2. Let w be m(-2). Let j = -2125 + w. Is j prime?
True
Suppose 3*u + 6046 = n, 2*n + u - 12042 = -3*u. Is n composite?
True
Suppose -3*t = -8*a + 4*a + 15, t + 5 = 4*a. Suppose 0 = 2*r - a - 0. Suppose -4*x + 9332 = -r*x. Is x composite?
False
Let g = -31251 - -113422. Is g composite?
False
Is (2/(-4))/((-212)/26080664) prime?
True
Suppose -4*l = -11*l + 2723. Suppose 1437 = 4*r + l. Let d = -171 + r. Is d a composite number?
True
Let q = 100988 - 43885. Is q a composite number?
True
Let x(a) = -255*a - 65. Let w be x(-3). Suppose 3*q - 2021 - w = 0. Is q a composite number?
False
Suppose 16 = -y + 6*m - 5*m, 2*y + 4*m + 14 = 0. Is y/(26/(-16676)) + 1 + 0 a composite number?
True
Suppose 0 = 5093*y - 5113*y + 1263940. Is y a prime number?
True
Let p(i) = 8*i**2 + 12*i - 483. Is p(-71) a prime number?
True
Suppose 1367*q - 1352*q - 1261245 = 0. Is q a prime number?
False
Suppose -b + 12*b = 22. Suppose 2*p - 8 = b*g, 0 = -3*g - p - 13 - 11. Is 106/(-6)*(g + 4) prime?
True
Suppose -6*p = 2*h - 2111494, 5*h + 369059 = 3*p - 686640. Is p a prime number?
True
Let a(r) = 32*r**2 + 48*r - 19. Let p be 2 + 8 + -2 + 10. Is a(p) a prime number?
True
Let x be (-36736)/(-22) + (-4)/(-22). Suppose x = -45*c + 47*c. Is c a prime number?
False
Let j(d) = -6*d - 6. Let t be j(-2). Suppose 2*r - t*r - 24 = 0. Let b(u) = 176*u**2 + 32*u - 1. Is b(r) a composite number?
False
Suppose 0 = -87*b + 82*b + 15. Suppose -3*u + 8*x = 3*x - 5034, 5025 = b*u - 2*x. Is u composite?
True
Is (2064060/(-144))/(1/(-4)) a composite number?
True
Let k = -203 + 211. Let b(p) = 4*p**3 - 5*p**2 + 2*p + 33. Is b(k) prime?
True
Let s = 151990 + 365871. Is s a composite number?
False
Suppose -30*w + 100 = -35*w. Let t = -21 - w. Is 1 + (0 - -539 - t) composite?
False
Suppose 0 = -4*f + 10*f + 175488. Is (35 - 38) + f/(-2) a composite number?
False
Let p(q) be the second derivative of 7*q**4/6 + 17*q**3/6 - 2*q**2 + 6*q. Suppose -12*d - 4 = -14*d, -2*l + 5*d - 28 = 0. Is p(l) a prime number?
True
Suppose 0 = -37*h + 51*h - 28. Suppose f + h*d = 8493, -2*d - 33992 = 20*f - 24*f. Is f a composite number?
True
Let r = 277 + -625. Suppose 2*h + 340 = 942. Let y = h - r. Is y prime?
False
Suppose -2*w - 17 = -23. Suppose -w*u + 9 - 9 = 0. Suppose u = 5*l + 20, 0 = 2*b - 3*l - 9 - 225. Is b a prime number?
False
Suppose -4153488 = -1711*n + 1695*n. Is n prime?
False
Suppose 213911 = y + 16*y. Is y prime?
True
Let j be ((-6)/9)/((-11)/(-33)). Is -1*(-4 + 7710/12)*j prime?
True
Suppose -2*q = 6, -3*g + 163098 = -7*q + 2*q. Is g composite?
False
Let l = 2 + 2. Suppose 9 = 4*h + 1, -5*f - 12 = l*h. Let g(c) = 6*c**2 + 5*c - 9. Is g(f) prime?
True
Let b(s) = -17*s**2 + 12*s - 4. Let a be b(-8). Let m = a - -3549. Is m a prime number?
False
Is -4 + 28351 + (-10 - -12) composite?
False
Suppose 10*r = -24 + 64. Suppose 2*t = 5*u - 3931 + 27840, 0 = -r*t + 4*u + 47848. Is t a composite number?
True
Let r = -13248 + 23383. Is r a prime number?
False
Suppose 5*g = -3*d + 1468, 3*g + 0*d - 882 = -3*d. Let y = g + 46. Is y a prime number?
False
Let v(g) = 29*g - 4. Let b be v(1). Let f(j) = 2*j - 50. Let z be f(b). Suppose -2*x = -z*x - 166. Is x a prime number?
True
Suppose v + 365 = -96. Let o = -785 - v. Let r = 959 + o. Is r a prime number?
False
Let w = 37845 - 9644. Is w a prime number?
True
Suppose 69042 = 12*c - 204834. Is c composite?
True
Let d(j) = -83553*j + 6881. Is d(-6) composite?
True
Let x be ((-330)/(-30))/((-1)/(-8)*-1). Let q = x + 44. Is (-6)/4 - 53614/q a composite number?
False
Let d = -15 + 21. Let f(i) = -i**3 + 6*i**2 - i + 6. Let j be f(d). Suppose j = q - 62 - 161. Is q a composite number?
False
Suppose -7 + 229 = 2*h. Is (h/(-12))/(((-24)/6)/1328) prime?
False
Suppose 5*t - 3 + 13 = 0. Let w be t*(-2)/4*(10 - 3). Is (-1)/(28/(-14720)) + 2/w a composite number?
True
Suppose -28*j + 26*j - 4*i - 22642 = 0, -2*j = 2*i + 22634. Let m = -4844 - j. Is m composite?
False
Suppose 19*t - 49 - 8 = 0. Suppose -1 + 10 = t*c. Suppose -5*d + 1778 = -c*d. Is d composite?
True
Suppose -2*d - 2*d + 60 = 4*n, -2*n + 5*d + 2 = 0. Let g be n/(-3) - (-12)/(-36). Let q(w) = 74*w**2 - 2*w - 21. Is q(g) prime?
True
Let i(q) = 40*q**2 + 3*q + 15. Let w(r) = -r**3 + 14*r**2 - 14*r - 15. Let s be w(13). Let z = 34 + s. Is i(z) prime?
False
Let p be (-4)/(-1) - (-2 - (-3)/1). Suppose 3*n - 6*n = -p*j + 3447, 0 = 4*n. Suppose 4*k - 3*c + 82 = j, -4*k + 1047 = c. Is k a composite number?
False
Let u(r) = 14*r + 4. Let m be u(-3). Let y(z) = -z**3 + 10*z**2 + 28*z - 142. Let q be y(11). Let s = m + q. Is s composite?
False
Suppose -55*u + 2724043 = -3379454 + 794512. Is u a composite number?
False
Suppose 0 = 9*f - 53*f + 592196. Is f a prime number?
False
Suppose 225*p - 229*p + 2246082 = 2*l, -2*l - 2 = 0. Is p composite?
False
Suppose 0 = 